nder when 144 is divided by r.
14
Let l(d) = -80*d + 604. Calculate the remainder when l(7) is divided by (-334)/(-22) - 4/22.
14
Let w(r) = r**3 - 86*r**2 + 513*r + 38. Calculate the remainder when w(80) is divided by 44.
38
Suppose -101*v + 2485 = -7312. Let h(b) = -3*b + 25 + b - b**2 + 3*b. Calculate the remainder when v is divided by h(0).
22
Suppose -2*p + 0*p - 5*y = -1536, 16*p + 3*y = 12362. What is the remainder when p is divided by 255?
8
Suppose 0 = -2*l + 8, d - 145*l = -140*l + 11. Calculate the remainder when 5724 is divided by d.
20
Let w = 35 - 13. Suppose -5*v + 2*s + 1313 = 0, -4*v - 44*s = -45*s - 1051. Calculate the remainder when v is divided by w.
21
Let q = -430 - -521. Calculate the remainder when 6733 is divided by q.
90
Suppose 3*h - 8 = 10. Suppose -8*i - h*i = -182. Calculate the remainder when 16 is divided by i.
3
What is the remainder when 410 is divided by 123/(-21) + 5 - ((-1200)/28 + 9)?
14
Let n be (-4)/50 + 442820/875. Let b = -478 + n. Calculate the remainder when b is divided by 5.
3
Let h(x) = -7*x + 210. Let r be 73/3 + (-6)/(-54)*6. Calculate the remainder when 67 is divided by h(r).
32
Let k be (15 + -6)/(1/(-7)). Let v = k - -29. Let i = v + 73. What is the remainder when i is divided by 11?
6
Suppose 193 = -13*q + 18*q + 3*n, q = 4*n + 11. Suppose 0 = -7*h + 21. What is the remainder when q is divided by h?
2
Let c(p) = -8*p - 100. Suppose 2*w - 128 = -164. What is the remainder when c(w) is divided by 5?
4
Suppose -41*m + 38*m = -2*g - 28, 4 = -m + 4*g. Let b = 0 + 2. Calculate the remainder when 2*3/b - -32 is divided by m.
11
Suppose 3 = h, -4*h = s + 3 - 20. Suppose -4*v + 230 = -3*a, -2*v = -4*a - s*v - 290. Let u = a - -344. Calculate the remainder when u is divided by 69.
63
Suppose -z = z + 2. Let a = z + 6. Let l(j) = -4*j**2 - 62*j + 869. Calculate the remainder when l(-24) is divided by a.
3
Let p(m) = -3*m + 12. Let s be p(3). Suppose -s*g + 6 = 0, -g = -4*z + 3*g + 136. Let w = -26 + z. Calculate the remainder when 49 is divided by w.
9
Suppose 25 - 79 = -6*g. Calculate the remainder when (501 + -6)/g - 6 is divided by 32.
17
Suppose 4*w + 46 = 2*i, 0 = -3*i - 11*w + 7*w + 89. Calculate the remainder when i is divided by 19.
8
Suppose 2 = -s, -2*s = 6*c - s - 634. Let y(b) = -b**3 - 2*b**2. What is the remainder when c is divided by y(-3)?
7
Let r(a) = a**3 - 5*a**2 - 2*a + 34. Let h be r(0). Suppose 290 = -8*i + 3*i. Let m = h - i. What is the remainder when m is divided by 31?
30
Let w(i) = 8*i**2 + 2*i + 6. Let u be w(8). Suppose -177 = 21*m - u. Calculate the remainder when m is divided by 10.
7
Suppose 9*l - 254 - 151 = 0. Suppose -52*u + l*u = -231. What is the remainder when (3 + -2)/((-2)/(-190)) is divided by u?
29
Suppose -90*y + 207 = -513. What is the remainder when 163 is divided by y?
3
Let i(s) = s**3 - 3*s**2 - 6*s + 13. Suppose -19*k + 10 = -9. Calculate the remainder when i(4) is divided by k.
0
Let p be (-6)/(-5)*(-1000)/75. What is the remainder when p/36 + 10637/99 is divided by 28?
23
Suppose 17*u + 117*u - 191770 = -120*u. Calculate the remainder when u is divided by 84.
83
Suppose 26*w - 2271 = 2097. Suppose -14*c = 14*c - w. Calculate the remainder when 47 is divided by c.
5
Let q = 5386 + -5329. Calculate the remainder when 733 is divided by q.
49
Let v be (76/(-114))/(1 - 13/12). Suppose v*k + 103 = 463. Suppose -3*h - 3*t + k = 0, 2*h = -t - 0*t + 33. What is the remainder when 87 is divided by h?
15
Suppose -2*s - 739 = -3*d, 5*s + 5*d = 6*s + 366. Let m = -359 - s. Let y(t) = 2*t**2 - 2*t + 3. What is the remainder when y(5) is divided by m?
7
Let l(c) = c**2 + 29*c + 6. Suppose 145 = -4*v + 5*s + 10, -75 = 2*v - 5*s. What is the remainder when 142 is divided by l(v)?
34
Suppose -2*u - 2 = -3*w, 3*w + 2 = -u + 5*u. Suppose 0 = -0*i - u*i + 36. Calculate the remainder when i is divided by 12.
6
Suppose -u + 3*a - 779 + 1023 = 0, 4*a = 0. Calculate the remainder when u is divided by 36.
28
Let c(k) = -k**3 - k**2 + k + 20. Suppose -2426 + 2309 = -3*l. What is the remainder when l is divided by c(0)?
19
Suppose 10*o - 2*c - 150 = 5*o, 5*o = -c + 150. Calculate the remainder when 588 is divided by o.
18
Suppose -2*a - 4*w = 100, -76 = -4*a + 2*w - 266. What is the remainder when (55/2)/((-20)/a) is divided by 16?
2
Let k(z) = -5*z + 4. Let b(d) = d**3 + 3*d**2 - 6*d - 12. Let x be b(-4). Let h be k(x). Let q = -13 + h. Calculate the remainder when 43 is divided by q.
10
Let h = 370 + -215. Let v(c) = c**2 + c - 3. Let t be v(-3). Suppose 158 = 4*g - u, g - t*u - 40 = -6. Calculate the remainder when h is divided by g.
35
Let r be (-1725)/125*1/(1/(-10)). Suppose -3*d + t = -r, 0 = 4*d - 7*t + 12*t - 165. What is the remainder when 55 is divided by d?
10
Let s be -2 + (4 - 2/1). Let a be 5/((-14)/(-21) - (-1)/(-3)). Suppose s = a*y - 17*y + 58. What is the remainder when 142 is divided by y?
26
Suppose -104*j = -1921424 + 1916120. Let s = 196 - 35. What is the remainder when s is divided by j?
8
Let h = 666 + -376. Let f = 590 - h. Calculate the remainder when f is divided by 16.
12
Let k(j) = 117*j**2 + 707*j + 708. Let q = 117 - 56. Calculate the remainder when k(-1) is divided by q.
57
Let c = -11455 + 11555. What is the remainder when 161 is divided by c?
61
Suppose 5*q + 145 = 3*c, 5*c - 4*q + q = 247. Suppose 35*j - 33*j - c = 0. Calculate the remainder when 574 is divided by j.
24
Suppose -52*i + 84*i + 27390 = 54*i. Calculate the remainder when i is divided by 139.
133
Suppose 13*g - 139 - 25 - 122 = 0. What is the remainder when 59 is divided by g?
15
Let q = 29973 + -29893. Suppose 3*p - 207 = -75. What is the remainder when q is divided by p?
36
Suppose 560 = -45*a - 430. Suppose -3*y = 4*p - 2*y - 108, 3*y + 118 = 5*p. Let m = p + a. What is the remainder when 18 is divided by m?
2
Let j be (-7)/14*(4*-5)/1. Calculate the remainder when 62*(7 + (-65)/j) is divided by 16.
15
Let s(l) = -l**3 + 9*l**2 - 15*l + 2. Let o be s(6). Suppose 1066 + 1114 = o*p. Calculate the remainder when p is divided by 16.
13
Suppose -4*p - 13*p + 4369 = 0. Suppose 4*v = -5*r + p, -4*r - 2*v = -v - 199. What is the remainder when r is divided by 22?
5
Let y = -448 - -303. Let a = y - -262. Calculate the remainder when a is divided by 15.
12
Suppose -12*r = -3*y + 12, 24*y + 4*r = 22*y + 80. Suppose 0 = -5*k + 15, -4*k + 362 = 5*s - 0*k. Calculate the remainder when s is divided by y.
14
Let d(c) = 11*c + 21. Let q be d(-5). Let z be 4/(-34) + ((-832)/q)/4. What is the remainder when 22883/196 - (z/8 - 1) is divided by 17?
15
Suppose 0 = -g + y, 4*g + 10 = 6*g + 3*y. Suppose -4*v + g*v = -3*l - 86, 0 = -5*l - 10. Calculate the remainder when v is divided by (-1)/(3/(-36)*1).
4
Suppose 5*l - 6 - 24 = 0. Calculate the remainder when (-12)/l + (-162)/(-2) is divided by (7/4)/((-284)/96 + 3).
37
Let d be 0/(-2)*2/4. Let b = -24439 + 24443. Suppose -4*q + 616 = b*k, -3*q - 4*k + 465 = -d*k. What is the remainder when q is divided by 14?
11
Suppose 4*a + 21*q - 9484 = 17*q, -5*q = -q. What is the remainder when a is divided by 5?
1
Let o = 3648 - 3559. What is the remainder when o is divided by 76?
13
Suppose 25 = 4*b - 2*c - 31, 0 = -4*b - 3*c + 66. Let o = -476 - -509. Suppose 746 + 112 = o*w. What is the remainder when w is divided by b?
11
Let u be (-6 + 624)/((-9)/6 - -3). Suppose u - 415 = -a. Suppose -q = 5, -2*f + 5*q = f - 73. Calculate the remainder when f is divided by a.
1
Let o(f) = f**2 - f - 13. Let k be o(9). Let q = k - 1. Calculate the remainder when 227 is divided by q.
53
Let p(i) = i**2 + 57*i + 906. What is the remainder when 172 is divided by p(-24)?
58
Let n(p) = 5*p + 72. Let t be n(-14). Suppose -7 - 26 = -t*g - 3*w, 88 = 5*g + 2*w. Suppose -4*x = -58 - 2. What is the remainder when g is divided by x?
3
Let f = -13783 - -14269. Calculate the remainder when f is divided by 22.
2
Suppose 0 = -d - 11 + 14. Suppose d*l - 39 = 129. Calculate the remainder when l is divided by 22.
12
Let v(y) = -6*y - 6. Let f(u) = -4*u + 1. Let g be f(2). Let d(k) = 2*k**3 - 28*k**2 + 68*k - 21. What is the remainder when v(g) is divided by d(2)?
17
Suppose -12457*q + 12491*q - 18394 = 0. Calculate the remainder when q is divided by 48.
13
Let z be (2/2 + -661)*(-204)/40